 of 580977?
3, 64553
List the prime factors of 234768.
2, 3, 67, 73
What are the prime factors of 14926820?
2, 5, 149, 5009
List the prime factors of 4745214.
2, 3, 47, 71, 79
List the prime factors of 634288.
2, 29, 1367
List the prime factors of 490222.
2, 23, 10657
List the prime factors of 929213.
61, 15233
What are the prime factors of 489819?
3, 11, 14843
What are the prime factors of 2071303?
13, 137, 1163
What are the prime factors of 20600?
2, 5, 103
List the prime factors of 16583645.
5, 13, 255133
List the prime factors of 121357.
121357
List the prime factors of 220366.
2, 110183
What are the prime factors of 1244385?
3, 5, 27653
List the prime factors of 19450256.
2, 7, 24809
What are the prime factors of 1043177?
1043177
List the prime factors of 11500430.
2, 5, 47, 24469
List the prime factors of 1376903.
11, 41, 43, 71
List the prime factors of 5075749.
7, 61, 11887
What are the prime factors of 5268369?
3, 173, 10151
List the prime factors of 1467759.
3, 41, 11933
What are the prime factors of 5786438?
2, 7, 97, 4261
What are the prime factors of 5467115?
5, 17, 64319
What are the prime factors of 4986799?
4986799
List the prime factors of 566144.
2, 4423
List the prime factors of 30200.
2, 5, 151
What are the prime factors of 1136410?
2, 5, 11, 10331
What are the prime factors of 22987778?
2, 11, 29, 137, 263
List the prime factors of 4869198.
2, 3, 157, 1723
List the prime factors of 6622957.
11, 602087
What are the prime factors of 4394940?
2, 3, 5, 11, 6659
List the prime factors of 29841925.
5, 23, 51899
List the prime factors of 56779.
56779
What are the prime factors of 21677101?
167, 129803
What are the prime factors of 181882?
2, 211, 431
List the prime factors of 163969.
13, 12613
What are the prime factors of 624462?
2, 3, 199, 523
List the prime factors of 452329.
452329
What are the prime factors of 1134791?
7, 23159
What are the prime factors of 947600?
2, 5, 23, 103
List the prime factors of 711534.
2, 3, 118589
What are the prime factors of 2256271?
41, 113, 487
List the prime factors of 16116473.
1171, 13763
List the prime factors of 1485756.
2, 3, 13757
List the prime factors of 363801.
3, 121267
What are the prime factors of 128309?
31, 4139
List the prime factors of 493308.
2, 3, 71, 193
List the prime factors of 3789565.
5, 13, 173, 337
List the prime factors of 1685861.
1685861
What are the prime factors of 331877?
7, 13, 521
List the prime factors of 455507.
13, 37, 947
List the prime factors of 62093.
31, 2003
List the prime factors of 187248.
2, 3, 47, 83
List the prime factors of 165797.
37, 4481
List the prime factors of 72759.
3, 79, 307
What are the prime factors of 4526437?
17, 266261
What are the prime factors of 360746?
2, 317, 569
What are the prime factors of 485306?
2, 431, 563
What are the prime factors of 998977?
7, 142711
What are the prime factors of 129684?
2, 3, 101, 107
List the prime factors of 1579609.
1579609
What are the prime factors of 209573?
7, 13, 47
List the prime factors of 1763452.
2, 440863
List the prime factors of 204985.
5, 11, 3727
What are the prime factors of 17070308?
2, 1423, 2999
List the prime factors of 891897.
3, 211, 1409
What are the prime factors of 1528961?
7, 218423
What are the prime factors of 136922?
2, 223, 307
List the prime factors of 2069792.
2, 71, 911
What are the prime factors of 1926092?
2, 7, 31, 317
What are the prime factors of 608846?
2, 7, 157, 277
What are the prime factors of 12340753?
12340753
What are the prime factors of 264480?
2, 3, 5, 19, 29
What are the prime factors of 64171?
64171
List the prime factors of 335219.
101, 3319
List the prime factors of 7073497.
941, 7517
What are the prime factors of 24525317?
71, 223, 1549
What are the prime factors of 1315821?
3, 13, 33739
List the prime factors of 80315.
5, 16063
List the prime factors of 1959073.
1959073
List the prime factors of 1361699.
1361699
List the prime factors of 141648.
2, 3, 13, 227
What are the prime factors of 21379674?
2, 3, 19, 167, 1123
List the prime factors of 8058166.
2, 19, 212057
What are the prime factors of 4664892?
2, 3, 149, 2609
List the prime factors of 646894.
2, 181, 1787
List the prime factors of 349390.
2, 5, 34939
What are the prime factors of 194934?
2, 3, 53, 613
What are the prime factors of 24322124?
2, 47, 53, 2441
What are the prime factors of 1236122?
2, 373, 1657
What are the prime factors of 6294216?
2, 3, 17, 15427
What are the prime factors of 302380?
2, 5, 13, 1163
What are the prime factors of 3939519?
3, 113, 11621
What are the prime factors of 3934066?
2, 569, 3457
List the prime factors of 136682.
2, 7, 13, 751
List the prime factors of 2854684.
2, 7, 43, 2371
What are the prime factors of 86166?
2, 3, 4787
What are the prime factors of 947383?
947383
List the prime factors of 118797.
3, 7, 5657
What are the prime factors of 534427?
109, 4903
What are the prime factors of 4528177?
4528177
What are the prime factors of 558831?
3, 7, 13, 23, 89
List the prime factors of 176242.
2, 11, 8011
What are the prime factors of 1398723?
3, 19, 53, 463
What are the prime factors of 773814?
2, 3, 128969
List the prime factors of 172529.
7, 503
What are the prime factors of 1722169?
1231, 1399
What are the prime factors of 16255825?
5, 17, 23, 1663
List the prime factors of 1373877.
3, 293, 521
List the prime factors of 13601159.
11, 13, 227, 419
List the prime factors of 968308.
2, 11, 59, 373
List the prime factors of 3959952.
2, 3, 82499
List the prime factors of 24310526.
2, 29, 419147
List the prime factors of 20661591.
3, 691, 9967
List the prime factors of 639141.
3, 19, 11213
List the prime factors of 21415087.
17, 61, 107, 193
What are the prime factors of 14409608?
2, 17, 105953
What are the prime factors of 320962?
2, 160481
What are the prime factors of 508134?
2, 3, 11, 7699
List the prime factors of 13705617.
3, 137, 33347
What are the prime factors of 904632?
2, 3, 37693
List the prime factors of 1547865.
3, 5, 11, 53, 59
What are the prime factors of 5572510?
2, 5, 19, 139, 211
List the prime factors of 1332010.
2, 5, 133201
What are the prime factors of 225569?
225569
List the prime factors of 795642.
2, 3, 132607
What are the prime factors of 1785?
3, 5, 7, 17
List the prime factors of 972448.
2, 30389
What are the prime factors of 221388?
2, 3, 19, 971
What are the prime factors of 143981?
143981
What are the prime factors of 1893132?
2, 3, 5843
List the prime factors of 8345940.
2, 3, 5, 19, 7321
List the prime factors of 82135.
5, 16427
What are the prime factors of 263187?
3, 29243
List the prime factors of 9029625.
3, 5, 11, 199
List the prime factors of 79981.
11, 661
List the prime factors of 217317.
3, 107, 677
What are the prime factors of 5613176?
2, 101, 6947
What are the prime factors of 610384?
2, 38149
What are the prime factors of 4956283?
19, 260857
List the prime factors of 223094.
2, 331, 337
What are the prime factors of 461847?
3, 153949
List the prime factors of 290652.
2, 3, 53, 457
List the prime factors of 14931690.
2, 3, 5, 53, 9391
List the prime factors of 1834.
2, 7, 131
What are the prime factors of 10158580?
2, 5, 47, 101, 107
What are the prime factors of 56086?
2, 29, 967
List the prime factors of 203760.
2, 3, 5, 283
List the prime factors of 1450401.
3, 483467
List the prime factors of 36522780.
2, 3, 5, 7, 86959
List the prime factors of 22823132.
2, 5705783
What are the prime factors of 110702?
2, 55351
List the prime factors of 33489.
3, 61
List the prime factors of 1197675.
3, 5, 5323
What are the prime factors of 98956?
2, 11, 13, 173
List the prime factors of 4270885.
5, 313, 2729
What are the prime factors of 788333?
7, 13, 8663
List the prime factors of 3432496.
2, 214531
List the prime factors of 1049453.
53, 19801
What are the prime factors of 19846012?
2, 4961503
List the prime factors of 289148.
2, 72287
List the prime factors of 584707.
584707
What are the prime factors of 185963?
17, 10939
What are the prime factors of 1144683?
3, 193, 659
What are the prime factors of 105172?
2, 26293
What are the prime factors of 10380599?
127, 81737
List the prime factors of 6382800.
2, 3, 5, 197
What are the prime factors of 338313?
3, 112771
What are the prime factors of 898958?
2, 43, 1